23011 composite?
True
Is 6436321 a composite number?
True
Is 4592117 composite?
False
Is 6303251 composite?
False
Is 81597293 prime?
True
Is 13039513 prime?
True
Is 26914567 prime?
True
Is 3792701 a composite number?
True
Is 318687913 composite?
False
Is 14148413 prime?
False
Is 31907651 a composite number?
False
Is 254405373 composite?
True
Is 632130643 prime?
False
Is 39486831 a prime number?
False
Is 33215639 composite?
False
Is 1649503 composite?
True
Is 2090503 a composite number?
True
Is 144301687 prime?
True
Is 90133489 a composite number?
False
Is 1004449 a prime number?
True
Is 9880491 composite?
True
Is 1787833 composite?
True
Is 47553263 composite?
True
Is 448831759 composite?
True
Is 450691 composite?
False
Is 3702469 a prime number?
False
Is 57932969 a composite number?
False
Is 2930297 a composite number?
True
Is 89764079 a composite number?
True
Is 554531357 composite?
True
Is 1320433 a prime number?
True
Is 111211387 prime?
False
Is 11472583 prime?
True
Is 90868795 prime?
False
Is 15207013 prime?
True
Is 54803777 prime?
False
Is 4892213 a prime number?
False
Is 347561 composite?
False
Is 267864341 a composite number?
False
Is 13567137 a composite number?
True
Is 51568093 prime?
False
Is 519036521 prime?
True
Is 158455783 a prime number?
True
Is 63550337 composite?
False
Is 20262293 composite?
False
Is 4070653 prime?
True
Is 45427871 prime?
True
Is 2855087 a composite number?
True
Is 3341263 composite?
True
Is 69847 composite?
False
Is 165525439 prime?
False
Is 4697489 prime?
False
Is 165084839 a prime number?
True
Is 604399 prime?
False
Is 459899 a composite number?
True
Is 109991545 composite?
True
Is 105867907 a prime number?
False
Is 25790041 a prime number?
True
Is 3306941 composite?
True
Is 45571921 composite?
False
Is 3595387 a composite number?
False
Is 20213233 prime?
True
Is 10932997 a prime number?
True
Is 5417201 composite?
False
Is 1030212379 a prime number?
False
Is 79581749 composite?
True
Is 170823 prime?
False
Is 27477365 a prime number?
False
Is 4892021 prime?
True
Is 50651149 prime?
True
Is 2033753 composite?
True
Is 27059441 prime?
True
Is 5628041 a composite number?
False
Is 63261509 composite?
True
Is 32570662 prime?
False
Is 53759 composite?
False
Is 54768943 prime?
False
Is 2357573 a composite number?
False
Is 111314803 a prime number?
True
Is 2995051 a prime number?
True
Is 372397 prime?
True
Is 3667921 a prime number?
False
Is 923903 prime?
True
Is 1345723 prime?
False
Is 2375159 composite?
False
Is 67119697 prime?
True
Is 967567 prime?
True
Is 1648943 composite?
False
Is 82752367 prime?
False
Is 40768198 composite?
True
Is 136436221 a composite number?
True
Is 552953 composite?
True
Is 20648566 a prime number?
False
Is 859399 a prime number?
False
Is 3675183 prime?
False
Is 10840331 a prime number?
True
Is 559298 a prime number?
False
Is 6828727 composite?
False
Is 6713489 a composite number?
False
Is 1403531 composite?
False
Is 63915941 a composite number?
False
Is 22314401 composite?
False
Is 15055541 prime?
True
Is 29033047 a prime number?
True
Is 9581189 a prime number?
True
Is 13699451 prime?
True
Is 978767 a prime number?
False
Is 178969929 a prime number?
False
Is 595621 composite?
True
Is 12322003 prime?
False
Is 742145 a composite number?
True
Is 46210127 prime?
True
Is 16969019 a prime number?
True
Is 66966667 prime?
False
Is 12281747 composite?
True
Is 215953 a composite number?
False
Is 18523619 a composite number?
True
Is 148182754 a composite number?
True
Is 9298073 a composite number?
False
Is 6865847 prime?
True
Is 6901073 prime?
True
Is 150266561 a composite number?
False
Is 132171931 composite?
True
Is 61141607 prime?
False
Is 8319601 composite?
True
Is 758001 composite?
True
Is 11329733 a prime number?
False
Is 121831453 a composite number?
False
Is 8533619 prime?
True
Is 155423 a composite number?
False
Is 12971197 a prime number?
True
Is 21611143 a composite number?
False
Is 36433 prime?
True
Is 12099209 a composite number?
False
Is 534074 composite?
True
Is 2701379 composite?
True
Is 4252739 a composite number?
False
Is 43602487 a composite number?
False
Is 781126961 composite?
False
Is 134346193 a prime number?
True
Is 34583317 a composite number?
False
Is 78392393 a composite number?
True
Is 158658833 prime?
True
Is 1189271 a composite number?
False
Is 17394749 a prime number?
True
Is 39941917 prime?
True
Is 38456999 prime?
False
Is 16561 prime?
True
Is 4409221 a composite number?
False
Is 6388891 prime?
True
Is 484649365 composite?
True
Is 12507317 prime?
True
Is 412026887 composite?
False
Is 15938011 composite?
True
Is 64753457 a composite number?
False
Is 139297421 composite?
False
Is 772697 a prime number?
True
Is 969461993 composite?
True
Is 21314999 a prime number?
True
Is 34339987 a prime number?
False
Is 64573307 a composite number?
False
Is 1900621 composite?
False
Is 16231951 a composite number?
True
Is 21139417 composite?
True
Is 5788693 prime?
True
Is 460547 prime?
False
Is 10333961 a composite number?
True
Is 106464089 a prime number?
True
Is 549889 a composite number?
True
Is 71188427 a composite number?
True
Is 10824757 a prime number?
False
Is 1620881 prime?
True
Is 4661738 composite?
True
Is 18859462 a prime number?
False
Is 4761791 a prime number?
True
Is 954367 a composite number?
False
Is 53225191 composite?
False
Is 990499 prime?
False
Is 1560443 composite?
False
Is 4095749 a composite number?
True
Is 812993 a composite number?
True
Is 125362883 composite?
False
Is 5154133 prime?
True
Is 11208009 a composite number?
True
Is 12460223 a composite number?
True
Is 1136843 composite?
False
Is 1693577 prime?
True
Is 8701789 composite?
False
Is 24686531 a prime number?
True
Is 69662389 composite?
True
Is 167949091 a composite number?
False
Is 16996367 composite?
True
Is 247951 composite?
True
Is 216449 a composite number?
True
Is 137192917 composite?
False
Is 29694781 composite?
False
Is 580159 a prime number?
False
Is 1267933 a prime number?
True
Is 153133949 a prime number?
False
Is 232073 a composite number?
False
Is 6963587 prime?
True
Is 7484473 prime?
True
Is 6218393 a prime number?
False
Is 554831 prime?
False
Is 53060165 a composite number?
True
Is 16647623 composite?
False
Is 215838263 a composite number?
True
Is 61596239 a prime number?
True
Is 1769083061 prime?
True
Is 3284273 a composite number?
True
Is 101713505 composite?
True
Is 4437049 prime?
False
Is 174986363 prime?
True
Is 38394359 a prime number?
True
Is 4355357 prime?
False
Is 75478573 a composite number?
False
Is 1717127 a prime number?
False
Is 1039109 prime?
True
Is 1308287 a prime number?
True
Is 11845707 a prime number?
False
Is 61472821 prime?
True
Is 222183497 a prime number?
True
Is 217999 a prime number?
False
Is 583132579 a composite number?
True
Is 23043289 a prime number?
False
Is 2739133 a composite number?
False
Is 215626409 a prime number?
True
Is 16326259 a prime number?
True
Is 256525729 a composite number?
True
Is 79330603 a composite number?
True
Is 2777767 a prime number?
True
Is 31144601 a prime number?
True
Is 632447 composite?
False
Is 1061033 prime?
True
Is 7020451 a composite number?
True
Is 10980029 composite?
False
Is 5026981 prime?
True
Is 3141601 a prime number?
True
Is 271788691 a composite number?
False
Is 1136323 a prime number?
False
Is 486781 a prime number?
True
Is 33132327 composite?
True
Is 178814521 a prime number?
False
Is 629137 composite?
False
Is 308246387 composite?
True
Is 17609923 a prime number?
True
Is 9262453 composite?
False
Is 8826483 a composite number?
True
Is 14092567 a composite number?
False
Is 13406431 a prime number?
False
Is 15580021 composite?
True
Is 380703173 a prime number?
True
Is 443741927 a prime number?
True
Is 32659621 composite?
False
Is 633317 a prime number?
True
Is 10402157 a prime number?
False
Is 4495903 composite?
True
Is 8804321 a prime number?
True
Is 9762479 composite?
False
Is 69166519 prime?
True
Is 169701503 a composite number?
True
Is 3644411 a composite number?
False
Is 35281949 a prime number?
True
Is 932455085 composite?
True
Is 1109219 a prime number?
True
Is 4730113 a composite number?
True
Is 59081927 a prime number?
False
Is 816697979 prime?
True
Is 14310111 a prime number?
False
Is 24499231 prime?
True